 12. Let t(w) = -3*a(w) - 2*g(w). What is t(v)?
-15
Let u(t) = -19*t - 88. Let z be u(-5). Let q be 6/(-9)*((0 - 4) + z). Let d(g) = 9*g**2 - g + 1. What is d(q)?
39
Let c(m) = -m**2 + 171*m - 172*m + m**2 - 12 - m**3. Let g(v) be the first derivative of v**4/4 - v**2 + v - 2. Let z be g(1). Calculate c(z).
-12
Let y(s) = 2*s**2 + 13*s + 15. Let w be y(-5). Suppose 16 = -4*i - w. Let m(a) = a**2 + 5*a + 5. Calculate m(i).
1
Let w be (-3 - -1) + (11 - 14). Let u(z) = -z + 5. Let n be u(w). Let t(r) = r**2 - 10*r - 1. Give t(n).
-1
Let g be 196/(-70) - (-8)/10. Let w(o) = 7*o - 4. Let c be w(g). Let b be 88/c - 12/108. Let l(m) = 2*m + 1. What is l(b)?
-9
Let u be ((-10)/(-4))/(3/6) + 38. Let f(d) = 49*d - 91*d - 1 + u*d. Determine f(13).
12
Let t(m) be the second derivative of 1/20*m**5 + 1/3*m**4 + 78 + 1/3*m**3 + m + 0*m**2. Let c = -2 + 0. Determine t(c).
4
Let a be 8/10*((-18)/12 - -9). Let l(r) = 3*r**3 + 3*r**2 - 3*r + 4. Let o(d) = -7*d**3 - 5*d**2 + 5*d - 7. Let i(w) = 9*l(w) + 4*o(w). Calculate i(a).
2
Let h(z) be the second derivative of 1/6*z**3 + 7/2*z**2 + 4*z + 0. Let f = 490 + -495. Give h(f).
2
Let l(d) be the second derivative of -2*d**2 - 7/6*d**3 - 42*d - 1 + 1/12*d**4. Calculate l(7).
-4
Let g(t) = -t + 4. Suppose 3*k = -c + 12, -2*k = -6*k + c + 23. Suppose 3*p = k*w + 9 + 95, -190 = -5*p + 5*w. Let d = -40 + p. Calculate g(d).
1
Suppose -w + 5*w = 5*c, 3*w = 3*w + 3*c. Let y(z) be the third derivative of 0*z - 1/24*z**4 + w - 2/3*z**3 - 14*z**2. Give y(-5).
1
Let n(x) = -8 + 5*x - 6 + 4. Let p(k) = 38. Let b(j) = -63. Let l(s) = -3*b(s) - 5*p(s). Let t(a) = -10*l(a) + n(a). What is t(1)?
5
Let q be (1 + 0)*(-36 + 6). Let h = 32 + q. Let v(g) = g + 10*g + h*g + g. What is v(-1)?
-14
Let k(p) = -9*p**2 + 9*p + 38. Let g(f) = -11*f**2 + 9*f + 49. Let n(u) = 5*g(u) - 6*k(u). Give n(-14).
-53
Let a(w) = 7*w**2 + 29*w - 25. Let l be a(-5). Let k(u) = -2*u**3 + 6*u**2 + 4*u + 6. What is k(l)?
-74
Let v be ((-85)/10)/((-2)/8). Suppose -38 + v = -4*g. Let l(d) = 2*d - 2 - g - 5 + 5. Determine l(3).
3
Let t(k) = 44*k**3 + 16*k**2 + 12*k + 57. Let h(g) = -21*g**3 - 7*g**2 - 6*g - 26. Let f(z) = 13*h(z) + 6*t(z). Calculate f(2).
-60
Let t(v) = 2*v**3 - 35*v**2 - 18*v - 6. Suppose -54 = -3*c - 4*g, -c + 31 = -3*g + 13. Calculate t(c).
-6
Suppose 1602*z = 1613*z - 11. Let u(w) = 16*w**3 + 7*w**2 - 7*w + 5. Let b(f) = -8*f**3 - 4*f**2 + 4*f - 3. Let v(q) = -5*b(q) - 3*u(q). Give v(z).
-8
Let c = 2 + -2. Let b(m) = m - 112*m**3 + 42*m**3 + 71*m**3 - 2*m. Give b(c).
0
Let o = 2777 - 2772. Let s(a) = -4*a**3 - a**2 + 9. Let q(z) = z**3 - z**2 + z - 1. Let k(j) = -5*q(j) - s(j). Calculate k(o).
-4
Let a = 221 - 227. Let d(g) = g - 1. Let k(j) = j - 1. Let h(r) = a*k(r) + 5*d(r). Give h(-6).
7
Let x(c) = 2*c + 37. Let w be x(-17). Suppose 4*u = -5*d - 54, -35 = w*u - 0*u + d. Let m = -17 - u. Let t(h) = -h - 12. What is t(m)?
-6
Let u(a) = -2*a**2 - 21*a - 21. Suppose -4*m - 5*t - 56 = 0, 209*m = 208*m + 4*t + 7. Calculate u(m).
6
Let m be (72/45)/((-4)/(-10)). Suppose -3*o + 4*c = -0*o - 123, m*o - 2*c - 154 = 0. Suppose 4*r = -9 + o. Let z(d) = 2*d - 4. Calculate z(r).
10
Let f(y) be the first derivative of -y**4/4 + 2*y**3 + 21*y**2 - 18*y + 5152. What is f(10)?
2
Let v(d) = d**2 - 4*d - 10. Let r(i) = -i**2 + 4*i + 11. Let k(t) = 4*r(t) + 5*v(t). Let x = -15 + 16. Let g be -2 + 40/(x + 4). Give k(g).
6
Suppose -9 = -b + 3*y, 3*y + 1 = -2. Let f be 2/(-7) - 2910/(-42). Let s(m) = -f*m - 5 + 144*m - m**2 - 71*m. What is s(b)?
-17
Let v(m) = -11*m**2 + 63 + 35 - 145 + 89 + 10*m**2. What is v(-6)?
6
Suppose h - 15 = -16. Let j(i) = 5*i + 1. Let y(t) = -32*t - 10. Let p(l) = h*y(l) - 6*j(l). Give p(8).
20
Let m(t) be the second derivative of t**6/360 - 3*t**5/40 - t**4/24 + 23*t**3/2 - 42*t. Let x(z) be the second derivative of m(z). What is x(4)?
-21
Let x(w) be the third derivative of -w**6/60 - w**5/6 - 5*w**4/12 - 11*w**2. Let q be x(-7). Let i(a) = -a**3 - a + q - 138 - 3*a**2 - 132. Give i(-4).
16
Let h = 6 - 8. Let l(p) = p**3 - 2. Suppose -2*w - 30 = -12*w. Let u(k) = -k**3 + 2. Let r(x) = w*u(x) + 4*l(x). Determine r(h).
-10
Let i = 579 - 525. Let x(p) = p**3 + 4*p + i*p**2 - 31*p**2 - 29*p**2 - 6 + 9. Calculate x(3).
-12
Let d(w) = 9 + 74 - w**2 + 58 - 11 + 20*w + 4. Give d(-5).
9
Let x(w) = w - 52. Let k(f) = -f + 40. Let a(p) = 5*k(p) + 4*x(p). Give a(-22).
14
Let c(s) = -13*s**2 + 21*s + 26. Let b(u) = -5*u**2 + 7*u + 9. Let t be (132/18 + -7)*9. Let k(a) = t*c(a) - 8*b(a). What is k(-7)?
6
Let u(j) = -j**2 + 2*j + 3. Let n(v) = v - 2. Let a be n(5). Suppose -4*q - 7*y + 6*y = -41, -25 = -5*y. Suppose a*i = -0 + q. What is u(i)?
0
Let y(b) = -32*b - 3*b**2 + b**2 + 76*b + 42. Let t be y(23). Let n(x) = 2*x + 4 + 2*x**2 - x**2 - 2. Give n(t).
10
Let n(q) be the first derivative of -q**4/4 - q**3 + 7*q**2 + 22*q - 3429. Give n(-5).
2
Let j(f) = -f**2 + f + 11. Let v = -196 + 204. What is j(v)?
-45
Let a(j) = 30*j - 1012. Let h(d) = -10*d + 307. Let n(f) = 3*a(f) + 10*h(f). What is n(5)?
-16
Suppose 6*p + 3 = 15. Let y be (-1)/p - (-435)/58. Let o(n) = n**2 - 4*n - 7. Give o(y).
14
Let n(h) = -h**2 - 4*h. Suppose 107*y - 75 = 141*y + 27. What is n(y)?
3
Let a = -355 + 359. Let s(l) be the third derivative of -18*l**2 + 1/12*l**a + 0*l + 1/3*l**3 + 0. Calculate s(-2).
-2
Suppose 250 = 7*v - 121. Let x = v - 49. Let j(q) = -7 - q**2 + 5 - q + x. Calculate j(0).
2
Suppose -132 = -3*z + 4*b, 2*z - 30 = -2*b + 58. Suppose 25*h = 31 + z. Let f(p) = -p**3 + 3*p**2 + 3*p + 3. Determine f(h).
12
Let a(j) = -2*j + 16. Suppose 0 = 4*d + 4*l - 20, -2*l - 44 = -4*d + 2*l. Give a(d).
0
Let x(j) = -19 - 332*j + 718*j - 373*j. Give x(8).
85
Let j(k) = k**3 - 5*k**2 - 6*k + 2. Let z be (-882)/(-10) + 1 + 8/(-40). Let b = -83 + z. Calculate j(b).
2
Let c(f) = f**3 + 12*f**2 - 12*f + 11. Let r be c(-13). Let h(x) = -2*x**2 - 2 + 0 - 2*x**2 - 3*x + 3*x**2. Calculate h(r).
0
Let o(k) = 9*k - 45*k**2 - 8*k + k**3 + k**3 + 9*k + 13*k - 22. Give o(22).
0
Suppose -11*k = -8*k - 96. Suppose -17*u - k = -9*u. Let l(b) = b**2 + 7*b + 5. Give l(u).
-7
Let z(w) = -w**3 + 6*w**2 - 4*w + 6. Let s(k) = 19*k - 18 - 11*k**2 + k**3 - 9 + 23. Let v be s(9). Determine z(v).
11
Let n(a) = -a**3 - a**2 + a + 2. Let b(t) = -20*t - 21. Let f be b(8). Let z = -183 - f. Calculate n(z).
4
Let o(k) = 3 - 3*k**2 + 3*k + 0*k**2 - 1. Suppose 31 = 2*l - 5*t, 238*t + 40 = 5*l + 233*t. Calculate o(l).
-16
Let b(r) be the third derivative of r**5/60 + r**3/6 + 2*r**2 - 93. Suppose -127*j = -120*j - 7. Calculate b(j).
2
Let w(m) = 6*m**2 + m**2 + 7*m + 31 + 5*m**2 - 14*m**2 + m**2. What is w(10)?
1
Let v(b) = 3*b**2 - b - 37. Let n(l) = -4*l**2 + 2*l + 52. Let j(t) = -5*n(t) - 7*v(t). Suppose -9*q - 5 = 49. Calculate j(q).
-19
Let w be 3 + (-5)/(-7) + (-8)/(-28). Let t be -2 + 30/w + (-5)/10. Let q(b) = b**2 - 5*b + 1. What is q(t)?
1
Let v(b) = -6*b + 105 - 3 - 117 + 0*b. Give v(-5).
15
Let i(g) = -19*g - 52. Let l(n) = -7*n - 17. Let b(d) = 4*i(d) - 11*l(d). Determine b(0).
-21
Let d(y) = -y**2 - 6*y + 33. Suppose -5*j + 2*w = -11, 21 = 2*j - 4*w + 7. Let q be -8 - (0 - j)*-1. What is d(q)?
6
Let w(i) be the first derivative of 1/20*i**5 + 6 + 2*i**2 - 1/4*i**4 - 5/6*i**3 + 18*i. Let g(v) be the first derivative of w(v). What is g(4)?
0
Let l(z) = -3*z + 7. Let r = -61 + 66. Let w(k) = 8*k - 13. Let v(n) = r*l(n) + 2*w(n). Give v(-14).
-5
Let d(u) = -2*u - 35. Let n(p) = -4*p - 89. Let g(s) = -5*d(s) + 2*n(s). What is g(1)?
-1
Let o be 2 - (-90)/(-18)*(-2 - 42/(-15)). Let y(m) = -9*m**2 - 7*m + 2. Calculate y(o).
-20
Let i = -95 + 98. Let j(v) = 14*v**2 - 16*v**2 + i*v**2 - 2. Let r(g) = g**3 + 4*g**2 - 4*g + 2. Let z be r(-5). Calculate j(z).
7
Let b(t) = t - 18. Let f(r) = r**2 - 7*r - 356. Let g be f(-16). Give b(g).
-6
Let g(c) = 22*c**2 - 40*c - 33. Let z(w) = -18*w**2 + 40*w + 23. Let a(f) = -3*g(f) - 4*z(f). Give a(6).
-17
Suppose -5 - 9 = 2*y, -3*y = -m + 19. Let k(i) = -32*i - 33. Give k(m).
31
Suppose -5*a = 9 - 4, 4*u - 5*a = 21. Let z = u - -1. Let n(s) = -5 - 4*s - 7*s + 14*s - z*s. Calculate n(-5).
5
Let b = 45 + -210. Let h be (550/b)/((-5)/(-3) - 1). Let g(w) = w**2 - w + 1. What is g(h)?
31
Let o(s) = s + 1. Let k(j) be the third derivative of -j**5/60 + 5*j**4/2